 (-3)/2*(-2)/3. Suppose -5*x + 2*k - 229 = -867, 8 = -f*k. What are the prime factors of x?
2, 3, 7
Suppose 1 = 2*i - 4*v + 5, -4*i - 3*v = 19. List the prime factors of 1*109 - (-3)/6*i.
107
Let x(g) = 5*g**2 + 5*g - 119. What are the prime factors of x(12)?
661
Let v(s) = s**3 + 2*s**2 + 38*s - 63. List the prime factors of v(8).
881
Let k = 290 - 166. Let v be 4*(0 - k/8). Let l = v + 117. List the prime factors of l.
5, 11
Let t(h) be the first derivative of 2*h**3/3 - 11*h**2/2 - 19*h - 5. List the prime factors of t(10).
71
Suppose 4 = -2*d, -223*d + 5960 = 5*u - 218*d. List the prime factors of u.
2, 3, 199
Let l be (-10)/6*(17 - 20). Suppose -l*q = -59 - 56. List the prime factors of q.
23
Let u(o) = 3*o**3 - o**2 - 9*o + 12. Let a be u(6). Suppose -a = -x - 5*x. Suppose 118 - 31 = 4*w - 3*z, 5*w - z - x = 0. List the prime factors of w.
2, 3
Suppose -t + 2 = -1. Let i(p) = t + 8 - 1 + 1 - p. What are the prime factors of i(6)?
5
Suppose 3*x - 4724 = 5*i, 3*x + 4*i = 3092 + 1650. List the prime factors of x.
2, 3, 263
Suppose 0 = 89*o - 91*o + 806. What are the prime factors of o?
13, 31
Let h(m) = 67*m**2 - 2*m - 59. List the prime factors of h(8).
11, 383
Let w(d) = -d**3 - 32*d**2 + 68*d - 365. List the prime factors of w(-37).
2, 991
Let t(f) = f**3 - 5*f**2 - 5*f - 3. Let i be 4 - ((-3)/(-3) - 3). Let r be t(i). Suppose u - 24 = -d - 7, r*d - 79 = -5*u. What are the prime factors of u?
2, 7
Suppose -p + 3*p = 6. Suppose 0 = -2*o - 8, h = -p*h - 3*o + 204. What are the prime factors of h?
2, 3
Suppose 5*p - 545 = 5235. List the prime factors of p.
2, 17
Let d(b) = -b**2 + 7*b - 31. Let t be d(9). Let r = 69 - t. What are the prime factors of r?
2, 59
Let q be (-104)/(-16)*(-5)/((-15)/(-78)). Let g = 311 + q. What are the prime factors of g?
2, 71
Suppose 0 = 2*y - 17*u + 13*u - 7280, -7260 = -2*y - u. What are the prime factors of y?
2, 227
Let n(w) = w**2 - 17*w - 147. List the prime factors of n(-7).
3, 7
Let h(u) = 5*u + 43. Let o be h(-8). Suppose o*q - 359 = -4*c + 57, 0 = 3*q + c - 410. What are the prime factors of q?
2, 17
Let m(o) = -4*o - 4936 + 2*o**2 + 4936. What are the prime factors of m(8)?
2, 3
Let k(s) = 4*s - 6. Let g(y) = -y**2. Let w(m) = -g(m) + k(m). What are the prime factors of w(-9)?
3, 13
Suppose -9 = b - 5*z + 15, -3*z + 20 = 5*b. Let j(q) = 11*q**2 + b - 2 + 0*q**2. List the prime factors of j(-1).
2, 5
Let g = 16 + -3. Let n = g + -9. Suppose n*b + 5*l = 27, -24 = -5*b + 2*b - 3*l. List the prime factors of b.
13
What are the prime factors of 42/63*3534/4?
19, 31
Suppose 22*d - 23*d - 2853 = -4*j, -3*j - 5*d = -2134. What are the prime factors of j?
23, 31
Suppose 2*f - 771 - 3816 = -5*k, 0 = -4*f + 2*k + 9186. What are the prime factors of f?
2, 7, 41
Let t be 3 + (2 + -3 - 1025). Let p be t/(-21) + 6/21. Suppose -4*n + p = -5*c + 169, -25 = 5*n. What are the prime factors of c?
2, 5
Let j(d) = 2*d + 3 + 2 + 1 - 8*d. Let q(m) = -4*m + 4. Let s(b) = -5*j(b) + 8*q(b). List the prime factors of s(-6).
2, 7
Let d = -533 - -2010. List the prime factors of d.
7, 211
What are the prime factors of (-111804)/(-198) + 1*(-4)/6?
2, 3, 47
Suppose 0 = -0*k + 4*k + 1164. What are the prime factors of 30/(-80) - k/8?
2, 3
Let i = 20 + -18. Suppose -i*j = f - 50, 2*j = 5*f + 4*j - 226. List the prime factors of f.
2, 11
Let x be (-15)/(-12) + 9/12. Suppose 4*z = d - 107, -3*d = -4*d - x*z + 77. List the prime factors of d.
3, 29
Suppose 5*i - 21 = -4*f + 88, -4*i = -4*f + 100. Let q(p) = -f*p - 3 + 5 + 0 + 0. What are the prime factors of q(-2)?
2, 3
Suppose -5*b + 47 - 472 = 0. Let m = b + 20. Let q = m + 131. What are the prime factors of q?
2, 3, 11
Let s(k) = -2*k**3 - 2*k**2 + k - 1. Let o be s(-3). Suppose 12 = 7*b - 3*b. Suppose -b*m = -m - o. List the prime factors of m.
2
Suppose -u - 2*j + 430 = 0, -4*u + 6*u + 5*j = 856. List the prime factors of u.
2, 3, 73
Let p(i) = 3*i - 3. Let x = 12 - 10. Let g be p(x). Suppose -7 = -g*l + 62. List the prime factors of l.
23
Let c = 66 - 101. Let f = c - -90. List the prime factors of f.
5, 11
Suppose -131 = -4*x - 0*x - 5*u, 2*u + 10 = 0. List the prime factors of x.
3, 13
Suppose -69*l = -3231 - 41550. What are the prime factors of l?
11, 59
Let o(a) = 5*a**2 - a + 1. Let i be o(1). Suppose i*v = -178 + 643. Suppose -v = -3*s - 24. List the prime factors of s.
23
Suppose 0 = -8*s - s + 2358. Let l = s - 140. What are the prime factors of l?
2, 61
Suppose m = -5*f - 23 + 90, 73 = 5*f - m. Suppose 16 = -4*k, -3*a = -2*a + 5*k + f. Let g = a + 32. What are the prime factors of g?
2, 19
Let u(q) = 90*q + 3. Let y(g) = -g**3 - 13*g**2 + 47*g - 14. Let f be y(-16). List the prime factors of u(f).
3, 61
Let y(f) = 3*f**2 + 10*f + 3. List the prime factors of y(6).
3, 19
Suppose 26*o = 24*o + 4. What are the prime factors of 38 - o/(-4)*-2?
37
Let n(u) = -38*u - 1. What are the prime factors of n(-4)?
151
List the prime factors of ((-30)/4)/(84/(-14000)).
2, 5
Let p(k) = 197*k - 131. What are the prime factors of p(4)?
3, 73
Let m = -211 + 1080. List the prime factors of m.
11, 79
Suppose -5*o + 3*l = -14, -o - 2 = -l - 4. Let z be (-152)/(-56) + o/14. Suppose -2*g = -z*g + 48. List the prime factors of g.
2, 3
Let x(y) = -6*y + 80. What are the prime factors of x(-13)?
2, 79
Let z = 105 - 101. Let i be (-16)/12*(-3)/2. Suppose -5*n - i*h = -59, -45 = -4*n - z*h - 5. List the prime factors of n.
13
Suppose 4*m = -q + 2710, 0 = -m + q + 2*q + 684. What are the prime factors of m?
2, 3, 113
Let u(j) be the third derivative of -j**6/30 + j**4/12 + j**3/6 - 3*j**2. Let y be u(-1). Suppose y*p - 90 = -21. List the prime factors of p.
23
Let i = -32 + 56. Let f = 24 - 8. Let j = i + f. List the prime factors of j.
2, 5
List the prime factors of 866/3 + (-8)/12.
2, 3
Suppose -32*q + 3*j = -27*q - 2390, -q = -2*j - 478. What are the prime factors of q?
2, 239
Suppose 3*f - 8 = -623. Let d = 298 + f. List the prime factors of d.
3, 31
Suppose -12*t + 1302 + 1194 = 0. List the prime factors of t.
2, 13
Let m(k) = 6*k**2 - 8*k - 1. Let l be (-92)/24 - 3/18. What are the prime factors of m(l)?
127
Let q(c) = c**3 + 12*c**2 - c - 18. List the prime factors of q(5).
2, 3, 67
Suppose 121 = 118*a - 117*a. What are the prime factors of a?
11
Suppose 3*u = 5*u - 1588. What are the prime factors of u?
2, 397
Suppose 7*k + 0*k - 42 = 0. Suppose 0*l + 144 = 3*l. Suppose -l = -k*j + 2*j. List the prime factors of j.
2, 3
Suppose -g + 6*p - p = 13, 3*p - 7 = g. Suppose -w + 129 = 4*o, g*w - 388 = 5*o - 143. What are the prime factors of w?
5
Let d(l) = -l**3 + 6*l**2 + 8*l - 10. Let m be d(7). Suppose -2*x = -0*x - 4. What are the prime factors of ((-5)/x)/(m/24)?
2, 5
Let v = 2 - -140. Suppose 196 = 2*q - v. List the prime factors of q.
13
Let g = -8 + 12. Let y(t) = 6*t**3 - 8 - t - 3*t**2 - 9*t**3 + 3*t**3 + 2*t**3. What are the prime factors of y(g)?
2, 17
What are the prime factors of -7 - -10 - 0 - -1063?
2, 13, 41
Let p(x) = -11*x**2 - 11*x + 8. Let o(j) = 5*j**2 + 6*j - 4. Let h be (1 + 1)*(-3)/1. Let s(d) = h*p(d) - 13*o(d). What are the prime factors of s(12)?
2
Suppose 0 = 954*n - 952*n - 746. What are the prime factors of n?
373
Let m = 283 + -126. Let b = -76 + m. List the prime factors of b.
3
Let u = -483 - -799. List the prime factors of u.
2, 79
Let u(q) = q**3 - 7*q**2 + 9*q + 8. Let n be u(6). Let g = n - 11. List the prime factors of g.
3, 5
What are the prime factors of ((3 - 2) + 1922)/(78/52)?
2, 641
Let g(v) = -v**2 - 31*v - 37. List the prime factors of g(-23).
3, 7
Let v(a) = -a**3 - 5*a**2 - 3*a + 7. Let s be v(-4). Suppose -4*y + 2*y - 284 = -s*d, 4*d + 4*y = 352. List the prime factors of d.
2, 23
Let i(n) = 746*n**2 - 2*n - 3. Let a be i(-1). Suppose 0 = 6*o - a - 419. What are the prime factors of o?
2, 97
Let y(r) = r**3 + 9*r**2 + 3. Let f be y(-9). Suppose 199 = f*n + 5*t, 0 = t + 3 - 5. List the prime factors of n.
3, 7
Let o = 92 + -87. Suppose 5*t + 2*r - 5*r - 501 = 0, 3*r = -6. Suppose -t = -o*g + 86. List the prime factors of g.
37
Let b be -101 + 3 + 0 + 0. Let l = b - -68. Let z = l - -42. List the prime factors of z.
2, 3
Suppose o + 3*o - 296 = 0. Suppose 4*c = 6 - o. List the prime factors of 0 - (c + 6 + -3).
2, 7
Suppose -63 = -2*l + 5*z, -3*l +